{"id":1604,"date":"2018-12-06T21:03:38","date_gmt":"2018-12-06T20:03:38","guid":{"rendered":"http:\/\/sylwester-ambroziak.com\/?page_id=1604"},"modified":"2020-05-20T23:51:14","modified_gmt":"2020-05-20T21:51:14","slug":"katalogi-zbiorowe","status":"publish","type":"page","link":"https:\/\/sylwester-ambroziak.com\/index.php\/katalogi-zbiorowe\/","title":{"rendered":"Katalogi Zbiorowe"},"content":{"rendered":"\n<div class='white' style='background:rgba(0,0,0,0); border:solid 0px rgba(0,0,0,0); border-radius:0px; padding:0px 0px 0px 0px;'>\n<div id='slider_1563' class='owl-carousel sa_owl_theme owl-pagination-true autohide-arrows' data-slider-id='slider_1563' style='visibility:hidden;'>\n<div id='slider_1563_slide01' class='sa_hover_container' style='padding:5% 5%; margin:0px 0%; '><p><img decoding=\"async\" class=\"center_slider\" src=\"http:\/\/sylwester-ambroziak.com\/wp-content\/uploads\/2018\/12\/Katalogi-zbiorowe_40.png\" alt=\"\" \/><\/p>\r\n<p><strong>KUNSZT. 100 lat polskiej rze\u017aby<\/strong><\/p>\r\n<p>Katalog \u201eKUNSZT. 100 lat polskiej rze\u017aby\u201d, Centrum Rze\u017aby Polskiej, Oro\u0144sko, 2018, <br \/>ISBN 978-83-64653-15-5<br \/>format 207 x 260 mm, 172 str. , kolor, j\u0119zyk polski i angielski<br \/>na str. 66-67, 138<\/p><\/div>\n<div id='slider_1563_slide02' class='sa_hover_container' style='padding:5% 5%; margin:0px 0%; '><p><img decoding=\"async\" class=\"center_slider\" src=\"http:\/\/sylwester-ambroziak.com\/wp-content\/uploads\/2018\/12\/Katalogi-zbiorowe_43.png\" alt=\"\" \/><\/p>\r\n<p><strong>Once upon a time<\/strong><\/p>\r\n<p>Katalog \u201eOnce upon a time\u201d, Kampania Artystyczna, Warszawa 2016, ISBN 978-83-62962-27-3, format 270x230 cm, 304 str. , kolor, j\u0119zyk polski i angielski<\/p><\/div>\n<div id='slider_1563_slide03' class='sa_hover_container' style='padding:5% 5%; margin:0px 0%; '><p><img decoding=\"async\" class=\"center_slider\" src=\"http:\/\/sylwester-ambroziak.com\/wp-content\/uploads\/2018\/12\/Katalogi-zbiorowe_42.png\" alt=\"\" \/><\/p>\r\n<p><strong>Wszystko widz\u0119, nic nie s\u0142ysz\u0119<\/strong><\/p>\r\n<p>Katalog \u201eWszystko widz\u0119, nic nie s\u0142ysz\u0119\u201d, Muzeum G\u00f3rno\u015bl\u0105skie, Bytom 2018<br \/>ISBN 978-83-65786-25-9, 64 str.<br \/>na str. 9, 26, 54-55, 59<\/p><\/div>\n<div id='slider_1563_slide04' class='sa_hover_container' style='padding:5% 5%; margin:0px 0%; '><p><img decoding=\"async\" class=\"center_slider\" src=\"http:\/\/sylwester-ambroziak.com\/wp-content\/uploads\/2018\/12\/Katalogi-zbiorowe_41.png\" alt=\"\" \/><\/p>\r\n<p><strong>Kunst der Freiheit<\/strong><\/p>\r\n<p>Katalog \u201eKunst der Freiheit\u201d, Kampania Artystyczna, Warszawa 2018<br \/>ISBN 978-83-62962-30-3, 272 str.<br \/>na str. 122-149<br \/><br \/><\/p><\/div>\n<div id='slider_1563_slide05' class='sa_hover_container' style='padding:5% 5%; margin:0px 0%; '><p><img decoding=\"async\" class=\"center_slider\" src=\"http:\/\/sylwester-ambroziak.com\/wp-content\/uploads\/2018\/12\/Katalogi-zbiorowe_15.png\" alt=\"\" \/><\/p>\r\n<p><strong>Ter Pontok<\/strong><\/p>\r\n<p>Katalog \u201eTer Pontok\u201d, Muveszet Malom, Szentendre, 2012, Wegry<br \/>ISBN 978-963-89249-8-8, format 21,5x30 cm, 124 str. , kolor, jezyk wegierski i angielski<\/p><\/div>\n<div id='slider_1563_slide06' class='sa_hover_container' style='padding:5% 5%; margin:0px 0%; '><p><img decoding=\"async\" class=\"center_slider\" src=\"http:\/\/sylwester-ambroziak.com\/wp-content\/uploads\/2018\/12\/Katalogi-zbiorowe_38.png\" alt=\"\" \/><\/p>\r\n<p><strong>Gucio zaczarowany<\/strong><\/p>\r\n<p>Katalog \u201eGucio zaczarowany\u201d<br \/>Galerija Meno parkas, Litwa 2011<br \/>ISBN 978-9955-674-22-1, format 20x20 cm, 16 str. , kolor,<br \/>jezyk polski i litewski<\/p><\/div>\n<div id='slider_1563_slide07' class='sa_hover_container' style='padding:5% 5%; margin:0px 0%; '><p><img decoding=\"async\" class=\"center_slider\" src=\"http:\/\/sylwester-ambroziak.com\/wp-content\/uploads\/2018\/12\/Katalogi-zbiorowe_16.png\" alt=\"\" \/><\/p>\r\n<p><strong>Apogeum-Nowa Ekspresja 1987<\/strong><\/p>\r\n<p>Katalog \u201eApogeum-Nowa Ekspresja 1987\u201d, CSW Znaki Czasu, Torun 2010<br \/>ISBN 978-83-929875-6-7, format 27x23 cm, 124 str. , kolor, jezyk polski<\/p><\/div>\n<div id='slider_1563_slide08' class='sa_hover_container' style='padding:5% 5%; margin:0px 0%; '><p><img decoding=\"async\" class=\"center_slider\" src=\"http:\/\/sylwester-ambroziak.com\/wp-content\/uploads\/2018\/12\/Katalogi-zbiorowe_17.png\" alt=\"\" \/><\/p>\r\n<p><strong>Rozbi\u00f3rka \u017belaznej Kurtyny<\/strong><\/p>\r\n<p>Katalog \u201eRozbi\u00f3rka \u017belaznej Kurtyny\u2019, Fundacja Pary\u017c, Katowice 2010<br \/>ISBN 978-83-934126-0-0, format 23x21 cm,<br \/>98 str. , kolor, j\u0119zyk polski i niemiecki<\/p><\/div>\n<div id='slider_1563_slide09' class='sa_hover_container' style='padding:5% 5%; margin:0px 0%; '><p><img decoding=\"async\" class=\"center_slider\" src=\"http:\/\/sylwester-ambroziak.com\/wp-content\/uploads\/2018\/12\/Katalogi-zbiorowe_32.png\" alt=\"\" \/><\/p>\r\n<p><strong>La Pace Con L\u2019Arte In Un Mondo Senza Confini<\/strong><\/p>\r\n<p>Katalog \u201eLa Pace Con L\u2019Arte In Un Mondo Senza Confini\u201d<br \/>Art Gallery 2, Trieste 2010, W\u0142ochy, ISBN, format 21x21 cm, 84 str. , kolor, j\u0119zyk w\u0142oski i angielski<\/p><\/div>\n<div id='slider_1563_slide10' class='sa_hover_container' style='padding:5% 5%; margin:0px 0%; '><p><img decoding=\"async\" class=\"center_slider\" src=\"http:\/\/sylwester-ambroziak.com\/wp-content\/uploads\/2018\/12\/Katalogi-zbiorowe_02.png\" alt=\"\" \/><\/p>\r\n<p><strong>The Banana Republic<\/strong><\/p>\r\n<p>Katalog \u201eThe Banana Republic\u201d, MODEM , Debrecen 2010, W\u0119gry<br \/>ISBN 978-963-88439-3-7, format 28,5x24 cm, 88 str. , kolor, j\u0119zyk w\u0119gierski, polski i angielski<\/p><\/div>\n<div id='slider_1563_slide11' class='sa_hover_container' style='padding:5% 5%; margin:0px 0%; '><p><img decoding=\"async\" class=\"center_slider\" src=\"http:\/\/sylwester-ambroziak.com\/wp-content\/uploads\/2018\/12\/Katalogi-zbiorowe_01.png\" alt=\"\" \/><\/p>\r\n<p><strong>East Beast<\/strong><\/p>\r\n<p>Katalog \u201eEast Beast\u201d, OKiS Wroc\u0142aw 2010<br \/>ISBN 978-83-87104-20-7, format 27x23 cm, 124 str. , kolor, j\u0119zyk polski i niemiecki<\/p><\/div>\n<div id='slider_1563_slide12' class='sa_hover_container' style='padding:5% 5%; margin:0px 0%; '><p><img decoding=\"async\" class=\"center_slider\" src=\"http:\/\/sylwester-ambroziak.com\/wp-content\/uploads\/2018\/12\/Katalogi-zbiorowe_26.png\" alt=\"\" \/><\/p>\r\n<p><strong>Immagina Arte In Fiera<\/strong><\/p>\r\n<p>Katalog \u201eImmagina Arte In Fiera\u201d, S. I.P.E.R- Fiere di Reggio Emilia 2010, W\u0142ochy<br \/>ISBN, format 23,5x16 cm, 456 str. , kolor, j\u0119zyk w\u0142oski<\/p><\/div>\n<div id='slider_1563_slide13' class='sa_hover_container' style='padding:5% 5%; margin:0px 0%; '><p><img decoding=\"async\" class=\"center_slider\" src=\"http:\/\/sylwester-ambroziak.com\/wp-content\/uploads\/2018\/12\/Katalogi-zbiorowe_03.png\" alt=\"\" \/><\/p>\r\n<p><strong>W drodze do wolno\u015bci<\/strong><\/p>\r\n<p>Katalog \u201eW drodze do wolno\u015bci\u201d, Galeria Miejska BWA, Bydgoszcz 2009<br \/>ISBN 978-83-61675-24-2, format 29,5x21,<br \/>42 str. , kolor, j\u0119zyk polski<\/p><\/div>\n<div id='slider_1563_slide14' class='sa_hover_container' style='padding:5% 5%; margin:0px 0%; '><p><img decoding=\"async\" class=\"center_slider\" src=\"http:\/\/sylwester-ambroziak.com\/wp-content\/uploads\/2018\/12\/Katalogi-zbiorowe_04.png\" alt=\"\" \/><\/p>\r\n<p><strong>Republika Bananowa<\/strong><\/p>\r\n<p>Katalog \u201eRepublika Bananowa\u201d, OKiS, Wroc\u0142aw, 2009<br \/>ISBN 978-83-87104-54-2, format 29x20,5 cm, 112 str. , kolor, j\u0119zyk polski, rumu\u0144ski i angielski<\/p><\/div>\n<\/div>\n<\/div>\n<script type='text\/javascript'>\n\tjQuery(document).ready(function() {\n\t\tjQuery('#slider_1563').owlCarousel({\n\t\t\tresponsive:{\n\t\t\t\t0:{ items:1 },\n\t\t\t\t480:{ items:2 },\n\t\t\t\t768:{ items:1 },\n\t\t\t\t980:{ items:2 },\n\t\t\t\t1200:{ items:2 },\n\t\t\t\t1500:{ items:2 }\n\t\t\t},\n\t\t\tautoplay : true,\n\t\t\tautoplayTimeout : 5000,\n\t\t\tautoplayHoverPause : true,\n\t\t\tsmartSpeed : 200,\n\t\t\tfluidSpeed : 200,\n\t\t\tautoplaySpeed : 200,\n\t\t\tnavSpeed : 200,\n\t\t\tdotsSpeed : 200,\n\t\t\tloop : true,\n\t\t\tnav : true,\n\t\t\tnavText : ['Previous','Next'],\n\t\t\tdots : true,\n\t\t\tresponsiveRefreshRate : 200,\n\t\t\tslideBy : 1,\n\t\t\tmergeFit : true,\n\t\t\tautoHeight : false,\n\t\t\tmouseDrag : true,\n\t\t\ttouchDrag : true\n\t\t});\n\t\tjQuery('#slider_1563').css('visibility', 'visible');\n\t\tsa_resize_slider_1563();\n\t\twindow.addEventListener('resize', sa_resize_slider_1563);\n\t\tfunction sa_resize_slider_1563() {\n\t\t\tvar min_height = '50';\n\t\t\tvar win_width = jQuery(window).width();\n\t\t\tvar slider_width = jQuery('#slider_1563').width();\n\t\t\tif (win_width < 480) {\n\t\t\t\tvar slide_width = slider_width \/ 1;\n\t\t\t} else if (win_width < 768) {\n\t\t\t\tvar slide_width = slider_width \/ 2;\n\t\t\t} else if (win_width < 980) {\n\t\t\t\tvar slide_width = slider_width \/ 1;\n\t\t\t} else if (win_width < 1200) {\n\t\t\t\tvar slide_width = slider_width \/ 2;\n\t\t\t} else if (win_width < 1500) {\n\t\t\t\tvar slide_width = slider_width \/ 2;\n\t\t\t} else {\n\t\t\t\tvar slide_width = slider_width \/ 2;\n\t\t\t}\n\t\t\tslide_width = Math.round(slide_width);\n\t\t\tvar slide_height = '0';\n\t\t\tif (min_height == 'aspect43') {\n\t\t\t\tslide_height = (slide_width \/ 4) * 3;\t\t\t\tslide_height = Math.round(slide_height);\n\t\t\t} else if (min_height == 'aspect169') {\n\t\t\t\tslide_height = (slide_width \/ 16) * 9;\t\t\t\tslide_height = Math.round(slide_height);\n\t\t\t} else {\n\t\t\t\tslide_height = (slide_width \/ 100) * min_height;\t\t\t\tslide_height = Math.round(slide_height);\n\t\t\t}\n\t\t\tjQuery('#slider_1563 .owl-item .sa_hover_container').css('min-height', slide_height+'px');\n\t\t}\n\t\tvar owl_goto = jQuery('#slider_1563');\n\t\tjQuery('.slider_1563_goto1').click(function(event){\n\t\t\towl_goto.trigger('to.owl.carousel', 0);\n\t\t});\n\t\tjQuery('.slider_1563_goto2').click(function(event){\n\t\t\towl_goto.trigger('to.owl.carousel', 1);\n\t\t});\n\t\tjQuery('.slider_1563_goto3').click(function(event){\n\t\t\towl_goto.trigger('to.owl.carousel', 2);\n\t\t});\n\t\tjQuery('.slider_1563_goto4').click(function(event){\n\t\t\towl_goto.trigger('to.owl.carousel', 3);\n\t\t});\n\t\tjQuery('.slider_1563_goto5').click(function(event){\n\t\t\towl_goto.trigger('to.owl.carousel', 4);\n\t\t});\n\t\tjQuery('.slider_1563_goto6').click(function(event){\n\t\t\towl_goto.trigger('to.owl.carousel', 5);\n\t\t});\n\t\tjQuery('.slider_1563_goto7').click(function(event){\n\t\t\towl_goto.trigger('to.owl.carousel', 6);\n\t\t});\n\t\tjQuery('.slider_1563_goto8').click(function(event){\n\t\t\towl_goto.trigger('to.owl.carousel', 7);\n\t\t});\n\t\tjQuery('.slider_1563_goto9').click(function(event){\n\t\t\towl_goto.trigger('to.owl.carousel', 8);\n\t\t});\n\t\tjQuery('.slider_1563_goto10').click(function(event){\n\t\t\towl_goto.trigger('to.owl.carousel', 9);\n\t\t});\n\t\tjQuery('.slider_1563_goto11').click(function(event){\n\t\t\towl_goto.trigger('to.owl.carousel', 10);\n\t\t});\n\t\tjQuery('.slider_1563_goto12').click(function(event){\n\t\t\towl_goto.trigger('to.owl.carousel', 11);\n\t\t});\n\t\tjQuery('.slider_1563_goto13').click(function(event){\n\t\t\towl_goto.trigger('to.owl.carousel', 12);\n\t\t});\n\t\tjQuery('.slider_1563_goto14').click(function(event){\n\t\t\towl_goto.trigger('to.owl.carousel', 13);\n\t\t});\n\t\tvar resize_1563 = jQuery('.owl-carousel');\n\t\tresize_1563.on('initialized.owl.carousel', function(e) {\n\t\t\tif (typeof(Event) === 'function') {\n\t\t\t\twindow.dispatchEvent(new Event('resize'));\n\t\t\t} else {\n\t\t\t\tvar evt = window.document.createEvent('UIEvents');\n\t\t\t\tevt.initUIEvent('resize', true, false, window, 0);\n\t\t\t\twindow.dispatchEvent(evt);\n\t\t\t}\n\t\t});\n\t});\n<\/script>\n\n","protected":false},"excerpt":{"rendered":"","protected":false},"author":1,"featured_media":0,"parent":0,"menu_order":0,"comment_status":"closed","ping_status":"closed","template":"","meta":{"footnotes":""},"class_list":["post-1604","page","type-page","status-publish","hentry"],"_links":{"self":[{"href":"https:\/\/sylwester-ambroziak.com\/index.php\/wp-json\/wp\/v2\/pages\/1604","targetHints":{"allow":["GET"]}}],"collection":[{"href":"https:\/\/sylwester-ambroziak.com\/index.php\/wp-json\/wp\/v2\/pages"}],"about":[{"href":"https:\/\/sylwester-ambroziak.com\/index.php\/wp-json\/wp\/v2\/types\/page"}],"author":[{"embeddable":true,"href":"https:\/\/sylwester-ambroziak.com\/index.php\/wp-json\/wp\/v2\/users\/1"}],"replies":[{"embeddable":true,"href":"https:\/\/sylwester-ambroziak.com\/index.php\/wp-json\/wp\/v2\/comments?post=1604"}],"version-history":[{"count":1,"href":"https:\/\/sylwester-ambroziak.com\/index.php\/wp-json\/wp\/v2\/pages\/1604\/revisions"}],"predecessor-version":[{"id":1605,"href":"https:\/\/sylwester-ambroziak.com\/index.php\/wp-json\/wp\/v2\/pages\/1604\/revisions\/1605"}],"wp:attachment":[{"href":"https:\/\/sylwester-ambroziak.com\/index.php\/wp-json\/wp\/v2\/media?parent=1604"}],"curies":[{"name":"wp","href":"https:\/\/api.w.org\/{rel}","templated":true}]}}